What is the highest common factor of 146 and 2117?
73
What is the highest common divisor of 606 and 9?
3
Calculate the highest common divisor of 119 and 34.
17
What is the highest common factor of 11 and 22?
11
What is the highest common factor of 128 and 3584?
128
What is the highest common factor of 411 and 3?
3
Calculate the greatest common factor of 5 and 70.
5
What is the highest common divisor of 768 and 2160?
48
What is the highest common factor of 110 and 12540?
110
Calculate the greatest common divisor of 9 and 105.
3
Calculate the greatest common divisor of 72 and 252.
36
What is the greatest common factor of 133 and 98?
7
What is the highest common factor of 25270 and 84?
14
What is the highest common factor of 95 and 323?
19
What is the greatest common factor of 36 and 768?
12
What is the highest common divisor of 3624 and 24?
24
Calculate the highest common divisor of 412 and 4.
4
Calculate the greatest common divisor of 46 and 11960.
46
Calculate the highest common factor of 76 and 95.
19
Calculate the greatest common factor of 1920 and 165.
15
What is the highest common divisor of 36 and 198?
18
Calculate the greatest common divisor of 882 and 108.
18
Calculate the highest common divisor of 8 and 2744.
8
Calculate the highest common divisor of 26 and 143.
13
Calculate the greatest common divisor of 4950 and 12.
6
What is the greatest common divisor of 87 and 58?
29
What is the greatest common divisor of 395 and 8769?
79
Calculate the highest common factor of 1727 and 44.
11
What is the highest common factor of 703 and 2035?
37
Calculate the highest common factor of 10 and 46370.
10
What is the highest common divisor of 182 and 637?
91
What is the greatest common divisor of 2478 and 7?
7
Calculate the highest common factor of 29 and 464.
29
Calculate the greatest common factor of 27 and 27.
27
Calculate the highest common factor of 184 and 32.
8
Calculate the highest common factor of 393 and 3.
3
What is the greatest common divisor of 56 and 808?
8
What is the highest common factor of 1164 and 48?
12
What is the highest common divisor of 78 and 286?
26
What is the highest common factor of 30 and 390?
30
What is the greatest common factor of 299 and 26?
13
What is the highest common divisor of 8865 and 394?
197
What is the greatest common factor of 96 and 26088?
24
Calculate the highest common divisor of 171 and 741.
57
Calculate the greatest common divisor of 3337 and 71.
71
Calculate the highest common factor of 1098 and 18.
18
Calculate the highest common factor of 20 and 30.
10
What is the greatest common divisor of 128 and 304?
16
Calculate the highest common factor of 237 and 23463.
237
What is the greatest common factor of 208 and 80?
16
Calculate the greatest common divisor of 168 and 72.
24
What is the greatest common divisor of 86 and 2?
2
What is the greatest common divisor of 2675 and 107?
107
Calculate the highest common factor of 22 and 682.
22
Calculate the highest common divisor of 1962 and 9.
9
What is the greatest common divisor of 1034 and 121?
11
What is the highest common divisor of 40 and 1960?
40
Calculate the greatest common divisor of 1120 and 32.
32
What is the greatest common factor of 272 and 9928?
136
What is the highest common divisor of 9 and 10?
1
Calculate the greatest common factor of 11894 and 38.
38
What is the highest common divisor of 447 and 3427?
149
What is the highest common factor of 2712 and 360?
24
What is the greatest common factor of 10 and 2690?
10
Calculate the greatest common divisor of 20 and 1010.
10
Calculate the highest common factor of 107 and 1819.
107
Calculate the highest common divisor of 20 and 460.
20
What is the highest common factor of 240 and 15?
15
What is the highest common divisor of 221 and 68?
17
What is the greatest common factor of 47029 and 131?
131
Calculate the highest common factor of 304 and 4712.
152
What is the greatest common divisor of 361 and 247?
19
What is the greatest common divisor of 114 and 39?
3
Calculate the highest common factor of 108 and 9.
9
What is the greatest common factor of 1936 and 4?
4
Calculate the highest common factor of 41 and 1025.
41
What is the highest common factor of 2448 and 1872?
144
Calculate the greatest common divisor of 57512 and 14.
14
What is the highest common factor of 4917 and 99?
33
What is the highest common divisor of 536 and 402?
134
Calculate the highest common divisor of 1507 and 274.
137
What is the highest common divisor of 99 and 847?
11
Calculate the greatest common factor of 306 and 11730.
102
Calculate the highest common divisor of 71 and 1349.
71
What is the highest common divisor of 1470 and 126?
42
Calculate the greatest common factor of 44 and 7282.
22
What is the greatest common divisor of 500 and 80?
20
Calculate the greatest common factor of 22599 and 108.
27
Calculate the highest common divisor of 4131 and 17.
17
Calculate the greatest common divisor of 1323 and 6237.
189
Calculate the greatest common divisor of 1972 and 204.
68
What is the highest common divisor of 481 and 39?
13
Calculate the highest common divisor of 44 and 19052.
44
Calculate the highest common divisor of 90 and 18.
18
Calculate the highest common divisor of 236 and 33158.
118
What is the greatest common divisor of 1339 and 325?
13
What is the greatest common divisor of 935 and 748?
187
What is the highest common factor of 332 and 36?
4
What is the greatest common divisor of 62 and 40517?
31
What is the highest common factor of 20 and 124?
4
What is the greatest common divisor of 1932 and 759?
69
What is the highest common divisor of 72 and 184?
8
Calculate the greatest common factor of 21 and 588.
21
Calculate the highest common divisor of 564 and 180.
12
What is the greatest common factor of 126 and 238?
14
What is the greatest common factor of 3 and 93?
3
What is the greatest common factor of 80 and 32?
16
What is the highest common factor of 288 and 352?
32
What is the greatest common divisor of 24 and 558?
6
Calculate the highest common factor of 456 and 57.
57
Calculate the greatest common factor of 18 and 30.
6
Calculate the greatest common factor of 7648 and 32.
32
What is the highest common factor of 53 and 2?
1
Calculate the greatest common factor of 640 and 40.
40
What is the greatest common divisor of 195 and 312?
39
What is the greatest common factor of 34 and 15504?
34
What is the highest common divisor of 777 and 15?
3
Calculate the highest common divisor of 48 and 102.
6
What is the highest common divisor of 221 and 611?
13
Calculate the highest common factor of 143 and 55.
11
What is the highest common factor of 18 and 171?
9
What is the highest common factor of 936 and 117?
117
Calculate the greatest common factor of 533 and 287.
41
Calculate the greatest common divisor of 2 and 304.
2
What is the highest common divisor of 34 and 816?
34
Calculate the greatest common divisor of 600 and 8.
8
Calculate the highest common factor of 60 and 540.
60
Calculate the greatest common factor of 60 and 75.
15
Calculate the greatest common factor of 2401 and 7.
7
Calculate the highest common factor of 21 and 287.
7
Calculate the highest common divisor of 123 and 1599.
123
Calculate the highest common divisor of 96 and 18.
6
What is the greatest common factor of 16 and 74?
2
Calculate the greatest common factor of 28 and 70.
14
What is the greatest common divisor of 9536 and 384?
64
What is the greatest common divisor of 29 and 71?
1
Calculate the greatest common factor of 82 and 287.
41
What is the highest common factor of 144 and 45?
9
What is the highest common factor of 1284 and 24?
12
Calculate the greatest common factor of 456 and 399.
57
What is the highest common factor of 192 and 320?
64
Calculate the greatest common factor of 5187 and 21.
21
Calculate the greatest common factor of 30 and 165.
15
What is the highest common divisor of 128 and 128?
128
Calculate the greatest common divisor of 1519 and 49.
49
Calculate the greatest common divisor of 48 and 348.
12
Calculate the greatest common divisor of 15 and 24.
3
Calculate the highest common divisor of 44 and 2244.
44
What is the highest common divisor of 20 and 2540?
20
What is the highest common factor of 7704 and 144?
72
What is the greatest common fac